2127a - -2ba4?
24040
In base 13, what is 15507 - 37?
154a0
In base 2, what is -1100000111000000000100011 - 100?
-1100000111000000000100111
In base 7, what is 126455 - -1506?
131264
In base 16, what is 4aa339c - 2?
4aa339a
In base 7, what is 4 + 323334065?
323334102
In base 14, what is -16752a9 + 1?
-16752a8
In base 15, what is 1cd - -758?
936
In base 13, what is -7c9c5919 - 4?
-7c9c5920
In base 6, what is -423 + 2225033?
2224210
In base 13, what is -226 - -64cc5?
64a9c
In base 13, what is -c9 + -43c1?
-44ba
In base 16, what is 31 - -8b71b?
8b74c
In base 15, what is 161 - -5a6a1?
5a812
In base 6, what is 3114523110 - 3?
3114523103
In base 4, what is 21112 + 3301100?
3322212
In base 7, what is -252250 - -222?
-252025
In base 8, what is 523 - 13054?
-12331
In base 5, what is -20224344 - -11?
-20224333
In base 13, what is 178b26 - 32?
178ac4
In base 8, what is -1002376 - -52?
-1002324
In base 4, what is 30 - -10023100013?
10023100103
In base 12, what is -23779 + -2639?
-261b6
In base 5, what is 1 - -41304210012?
41304210013
In base 5, what is -110 + -312123141?
-312123301
In base 11, what is -14 + 528711?
5286a8
In base 10, what is 4 + 15907684?
15907688
In base 12, what is 115696 + 913?
1163a9
In base 5, what is -103240214242 + 3?
-103240214234
In base 6, what is -10 + -101203114?
-101203124
In base 16, what is -1232d13 + -3?
-1232d16
In base 6, what is -1 + 113251330?
113251325
In base 5, what is -10 - 1414241432?
-1414241442
In base 9, what is 2651 - 231387?
-227636
In base 8, what is 20151 - 52?
20077
In base 16, what is e391 + -ab?
e2e6
In base 7, what is -16 + 11205012?
11204663
In base 16, what is -1fb + c36?
a3b
In base 14, what is 126d89a + 4?
126d8a0
In base 4, what is 0 + -210121030002?
-210121030002
In base 2, what is 101 + -1110011010001101011101101011?
-1110011010001101011101100110
In base 12, what is -8bb + 3102?
2403
In base 7, what is 32515632 + -21?
32515611
In base 4, what is -11101110201 + -11?
-11101110212
In base 4, what is -3 - 23123122310131?
-23123122310200
In base 11, what is a947 + -4a99?
5959
In base 8, what is -413 + -541350?
-541763
In base 6, what is 15 + -1513523432?
-1513523413
In base 11, what is -2182 + 1272?
-a10
In base 8, what is 124134756 + -3?
124134753
In base 15, what is -1 + -2c47390?
-2c47391
In base 9, what is 1052812581 - 1?
1052812580
In base 13, what is -10 + 12c95331?
12c95321
In base 9, what is -7882118 - 0?
-7882118
In base 6, what is 1230215 + 3204?
1233423
In base 6, what is 4 - -34241442011?
34241442015
In base 3, what is 102100220 + -1110010?
100220210
In base 15, what is -a21c + -456?
-a673
In base 8, what is -1531740206 + -2?
-1531740210
In base 16, what is 34 + 75603?
75637
In base 14, what is 1a18b0b + -4?
1a18b07
In base 4, what is 20033312 - 1030020?
13003232
In base 13, what is 0 + -c613ab?
-c613ab
In base 10, what is -6 + 7903425?
7903419
In base 3, what is -110010102102110122 + 20?
-110010102102110102
In base 2, what is 1010001001111 - -100000101000?
1110001110111
In base 6, what is 301514 - 152?
301322
In base 4, what is 10333022210 - -3102?
10333031312
In base 11, what is 5 - -a90785?
a9078a
In base 7, what is -1154 + -543656?
-545143
In base 3, what is -201 + 22010202212?
22010202011
In base 5, what is -132100100 - 3322?
-132103422
In base 12, what is -50ab + -b68?
-6057
In base 8, what is -13425 - 1256?
-14703
In base 15, what is -3619e06 - 9?
-3619e10
In base 12, what is -1287b68 - 32?
-1287b9a
In base 10, what is 3 - 863365?
-863362
In base 12, what is 7638 - -1399?
8a15
In base 15, what is -13915 - -6b5?
-13250
In base 16, what is 12a - -22693?
227bd
In base 8, what is 2773474 - -170?
2773664
In base 2, what is 100 - -1110111000110101001110?
1110111000110101010010
In base 8, what is 677625 + 36?
677663
In base 11, what is 4 - -16a57881?
16a57885
In base 2, what is 1010001111 - -10111100001001011?
10111101011011010
In base 3, what is -111022211212001 + 102?
-111022211211122
In base 11, what is a104 - -3694?
12798
In base 7, what is -4 - 56634432?
-56634436
In base 5, what is -32331140 - -332?
-32330303
In base 12, what is -114b1 - -32?
-1147b
In base 10, what is 1201798 - -187?
1201985
In base 14, what is -50d - 15b00c?
-15b51b
In base 8, what is -1267 - -24023?
22534
In base 7, what is 115 + -2202200?
-2202052
In base 15, what is 59153d - 3?
59153a
In base 15, what is -66d06 + 82?
-66c74
In base 2, what is -1000011111011111000010 + -101111?
-1000011111011111110001
In base 2, what is 111110 + 10100111111100000?
10101000000011110
In base 15, what is -6d275 + 56a?
-6cc0a
In base 12, what is -6 - -1234653?
1234649
In base 12, what is b791 - 294?
b4b9
In base 2, what is -10111110111111 - -11100110110?
-10100010001001
In base 10, what is -1081 + 1013?
-68
In base 3, what is -20000011202000 - -11?
-20000011201212
In base 14, what is d96aa + 23?
d96cd
In base 5, what is 230 - 11424321?
-11424041
In base 13, what is 0 + -30744a93?
-30744a93
In base 7, what is 1312 + -110430?
-106115
In base 2, what is 111 + -1011110111111001?
-1011110111110010
In base 8, what is 640363 + -7?
640354
In base 7, what is 3 + 41646663?
41646666
In base 11, what is 5 + 1a75462?
1a75467
In base 9, what is 116403181 - 1?
116403180
In base 6, what is -51341 - -4004?
-43333
In base 9, what is 11 + -1504712?
-1504701
In base 7, what is -11324 - 336?
-11663
In base 13, what is 4a0c363 + -4?
4a0c35c
In base 7, what is -4106466 - 24?
-4106523
In base 10, what is 33917743 + -8?
33917735
In base 12, what is 38 - -1935a?
19396
In base 5, what is 142 - -344234332?
344240024
In base 4, what is -223 - 1110221320?
-1110222203
In base 2, what is 110001111110100011011 - -110?
110001111110100100001
In base 5, what is -4 + 30024404334?
30024404330
In base 10, what is -792144 - -23?
-792121
In base 7, what is 216 + -1153143?
-1152624
In base 6, what is 5124 - -22405?
31533
In base 14, what is -966c22 + -3?
-966c25
In base 14, what is 91 + 990207?
990298
In base 14, what is 4667 + -38c?
42b9
In base 13, what is -a72 - 2ca1?
-3a43
In base 2, what is 101011100101110100001101 - -1100?
101011100101110100011001
In base 6, what is 141540504 - -5?
141540513
In base 6, what is -20 - 1303122351?
-1303122411
In base 6, what is 1231510244 - -3?
1231510251
In base 2, what is -1110100110001111 - 110?
-1110100110010101
In base 8, what is -1352501 - 347?
-1353050
In base 16, what is 85fb5 + -e9?
85ecc
In base 16, what is 22 - f787fd?
-f787db
In base 3, what is -100 + -10222112100021210?
-10222112100022010
In base 6, what is 324233 + -3144?
321045
In base 8, what is -117 + 165437?
165320
In base 16, what is -29de8 + -4a2?
-2a28a
In base 8, what is -3 - 5427736?
-5427741
In base 2, what is -101001111111 + 10101011011100011?
10100110001100100
In base 4, what is 1322003 + 23333?
2012002
In base 7, what is 5 - -152324036?
152324044
In base 2, what is -1101011101 - -110011000000?
100101100011
In base 2, what is 1001110010110 - 11100010111?
110001111111
In base 5, what is -44021431 - -33?
-44021343
In base 4, what is -10201 + 2312202?
2302001
In base 16, what is -108 - 1cf3?
-1dfb
In base 9, what is 1704787 + 0?
1704787
In base 6, what is -252012531015 - -2?
-252012531013
In base 7, what is -2 - -44043435?
44043433
In base 15, what is -75e2c + -41?
-75e6d
In base 16, what is -caea4 + 11?
-cae93
In base 7, what is 263122602 - 12?
263122560
In base 10, what is 0 - -10464708?
10464708
In base 8, what is 14477425 + -61?
14477344
In base 8, what is -20 - 470201335?
-470201355
In base 2, what is -11 - -11011100010110011100110?
11011100010110011100011
In base 3, what is 112200110 + 221111?
120121221
In base 4, what is 210230003231 - -2?
210230003233
In base 13, what is c1999 - 7?
c1992
In base 4, what is -3 - 102302012030002?
-102302012030011
In base 13, what is -18c - cc25?
-100b4
In base 2, what is -101 - -1110100110001010111100?
1110100110001010110111
In base 7, what is 65 - 2351456?
-2351361
In base 15, what is 14d + -40c6?
-3e78
In base 2, what is 110110100100111111 + 1100001010?
110110110001001001
In base 15, what is 17426e + 2d?
17429c
In base 10, what is -11727246 + -3?
-11727249
In base 9, what is -3 - 12631146?
-12631150
In base 14, what is 1bbb89d - -1?
1bbb8a0
In base 10, what is 18174 - -500?
18674
In base 11, what is -18 - -a4002?
a3a95
In